919 a multiple of 31?
True
Does 26 divide 6624?
False
Is 1976 a multiple of 26?
True
Does 18 divide 298?
False
Is 17 a factor of 18735?
False
Is 12 a factor of 20?
False
Does 117 divide 2310?
False
Does 57 divide 52383?
True
Does 255 divide 26733?
False
Does 5 divide 2155?
True
Does 87 divide 1617?
False
Is 748 a multiple of 17?
True
Does 23 divide 1066?
False
Is 13067 a multiple of 72?
False
Is 10352 a multiple of 16?
True
Is 12 a factor of 23545?
False
Is 21 a factor of 1225?
False
Is 19 a factor of 39387?
True
Does 8 divide 240?
True
Does 150 divide 123477?
False
Does 15 divide 98646?
False
Is 30 a factor of 30849?
False
Is 84 a factor of 9324?
True
Is 504 a multiple of 9?
True
Is 9 a factor of 936?
True
Is 2388 a multiple of 27?
False
Is 211 a factor of 25742?
True
Is 10794 a multiple of 14?
True
Is 2114 a multiple of 7?
True
Is 95 a factor of 29355?
True
Is 63 a factor of 35219?
False
Is 12 a factor of 16?
False
Does 24 divide 5424?
True
Does 38 divide 23486?
False
Is 4 a factor of 1935?
False
Does 14 divide 2100?
True
Is 57 a factor of 13794?
True
Does 7 divide 958?
False
Is 6424 a multiple of 165?
False
Does 53 divide 2544?
True
Is 2 a factor of 1436?
True
Does 77 divide 1909?
False
Does 172 divide 9976?
True
Is 1159 a multiple of 11?
False
Is 63 a factor of 45679?
False
Is 16 a factor of 49888?
True
Is 4790 a multiple of 82?
False
Is 27 a factor of 1080?
True
Does 48 divide 323?
False
Is 6164 a multiple of 46?
True
Is 5128 a multiple of 4?
True
Is 4394 a multiple of 108?
False
Does 21 divide 294?
True
Is 8947 a multiple of 3?
False
Does 9 divide 226?
False
Does 32 divide 1344?
True
Is 2213 a multiple of 5?
False
Is 169 a factor of 426?
False
Is 8285 a multiple of 141?
False
Is 21125 a multiple of 13?
True
Is 9 a factor of 621?
True
Is 536 a multiple of 7?
False
Does 4 divide 1200?
True
Is 26 a factor of 156?
True
Does 8 divide 778?
False
Is 8 a factor of 6984?
True
Does 42 divide 26609?
False
Does 50 divide 1550?
True
Does 218 divide 11855?
False
Does 25 divide 19929?
False
Is 225 a multiple of 24?
False
Does 45 divide 5361?
False
Is 7 a factor of 13573?
True
Does 61 divide 3477?
True
Does 13 divide 9016?
False
Is 17 a factor of 13543?
False
Is 26 a factor of 20779?
False
Is 3751 a multiple of 11?
True
Is 49 a factor of 347?
False
Does 30 divide 960?
True
Does 7 divide 364?
True
Does 10 divide 209?
False
Is 7744 a multiple of 121?
True
Is 10 a factor of 360?
True
Is 89 a factor of 4272?
True
Is 4241 a multiple of 18?
False
Is 43 a factor of 1100?
False
Does 2 divide 554?
True
Is 3237 a multiple of 83?
True
Is 1170 a multiple of 45?
True
Is 316 a multiple of 7?
False
Is 5101 a multiple of 43?
False
Is 94 a factor of 41642?
True
Is 10 a factor of 2060?
True
Is 2 a factor of 141?
False
Is 18 a factor of 6857?
False
Is 16497 a multiple of 9?
True
Is 13 a factor of 1326?
True
Does 18 divide 947?
False
Is 37 a factor of 119621?
True
Does 19 divide 24909?
True
Is 41 a factor of 1312?
True
Does 19 divide 589?
True
Does 157 divide 53380?
True
Is 9 a factor of 189?
True
Is 25416 a multiple of 12?
True
Is 13 a factor of 208?
True
Is 202 a multiple of 12?
False
Is 43011 a multiple of 72?
False
Is 13 a factor of 1600?
False
Is 5940 a multiple of 42?
False
Is 2271 a multiple of 42?
False
Is 32 a factor of 3523?
False
Is 30 a factor of 690?
True
Is 29 a factor of 105373?
False
Is 37 a factor of 3330?
True
Is 624 a multiple of 12?
True
Is 16 a factor of 41409?
False
Is 70 a factor of 2800?
True
Does 10 divide 5502?
False
Is 10 a factor of 870?
True
Does 36 divide 474?
False
Is 5 a factor of 440?
True
Is 1331 a multiple of 121?
True
Is 19 a factor of 7039?
False
Is 224 a factor of 7293?
False
Is 11 a factor of 671?
True
Is 1269 a multiple of 33?
False
Does 93 divide 1395?
True
Is 357 even?
False
Is 1441 a multiple of 11?
True
Does 18 divide 2574?
True
Is 125 a factor of 44000?
True
Does 112 divide 46928?
True
Does 157 divide 11461?
True
Is 13 a factor of 2158?
True
Is 70 a factor of 1610?
True
Does 13 divide 4745?
True
Is 3 a factor of 4975?
False
Is 100 a multiple of 2?
True
Is 12 a factor of 3468?
True
Is 54 a factor of 1021?
False
Does 12 divide 13290?
False
Is 240 a multiple of 2?
True
Is 46 a factor of 966?
True
Is 25193 a multiple of 39?
False
Does 87 divide 335?
False
Is 7 a factor of 5453?
True
Does 16 divide 992?
True
Does 13 divide 10621?
True
Is 16 a factor of 679?
False
Does 185 divide 18685?
True
Is 1572 a multiple of 12?
True
Is 50498 a multiple of 14?
True
Is 1197 a multiple of 57?
True
Is 9145 a multiple of 12?
False
Does 18 divide 522?
True
Does 113 divide 24361?
False
Is 18 a factor of 86486?
False
Is 842 a multiple of 106?
False
Does 36 divide 1167?
False
Does 31 divide 1612?
True
Does 10 divide 952?
False
Does 33 divide 1056?
True
Is 17 a factor of 2582?
False
Is 108 a factor of 1080?
True
Does 15 divide 165?
True
Does 62 divide 3949?
False
Is 48 a factor of 2758?
False
Is 59463 a multiple of 192?
False
Is 39 a factor of 132487?
False
Is 35 a factor of 55012?
False
Does 30 divide 13145?
False
Is 4 a factor of 283?
False
Is 1749 a multiple of 33?
True
Does 12 divide 3788?
False
Is 4 a factor of 77?
False
Is 919 a multiple of 74?
False
Does 14 divide 4074?
True
Is 27538 a multiple of 98?
True
Is 224 a multiple of 32?
True
Is 413 a multiple of 7?
True
Is 6 a factor of 21912?
True
Is 440 a multiple of 40?
True
Is 5 a factor of 370?
True
Does 19 divide 2874?
False
Is 37219 a multiple of 91?
True
Does 133 divide 13782?
False
Does 6 divide 4979?
False
Is 372 a multiple of 2?
True
Is 2832 a multiple of 16?
True
Is 5 a factor of 745?
True
Is 834 a multiple of 14?
False
Is 12750 a multiple of 125?
True
Is 6 a factor of 2179?
False
Does 6 divide 756?
True
Is 26929 a multiple of 28?
False
Is 872 a multiple of 10?
False
Does 63 divide 1422?
False
Does 3 divide 23621?
False
Is 311 a multiple of 17?
False
Is 24 a factor of 25083?
False
Is 377 a multiple of 13?
True
Is 3011 a multiple of 9?
False
Is 19 a factor of 2626?
False
Is 45360 a multiple of 5?
True
Is 9394 a multiple of 154?
True
Is 4483 a multiple of 120?
False
Does 14 divide 1115?
False
Is 20 a factor of 880?
True
Is 11 a factor of 813?
False
Does 13 divide 1443?
True
Is 15 a factor of 26303?
False
Is 4 a factor of 1036?
True
Does 74 divide 7104?
True
Is 3120 a multiple of 104?
True
Is 14756 a multiple of 72?
False
Is 528 a multiple of 22?
True
Is 24 a factor of 49297?
False
Does 6 divide 37938?
True
Does 39 divide 4329?
True
Is 5 a factor of 1965?
True
Is 7 a factor of 27590?
False
Is 10 a factor of 500?
True
Does 5 divide 504?
False
Is 4100 a multiple of 10?
True
Does 45 divide 467?
False
Does 29 divide 3840?
False
Does 2 divide 382?
True
Is 14027 a multiple of 11?
False
Does 157 divide 29673?
True
Is 1904 a multiple of 50?
False
Is 33 a factor of 594?
True
Is 23 a factor of 95979?
True
Is 87 a multiple of 29?
True
Does 16 divide 224?
True
Is 348 a multiple of 22?
False
Is 32 a factor of 24691?
False
Does 10 divide 10587?
False
Is 5 a factor of 224?
False
Is 626 a multiple of 37?
False
Is 2930 a multiple of 2?
True
Is 154 a factor of 2800?
False
Is 614 a multiple of 23?
False
Is 660 a multiple of 10?
True
Is 70 a factor of 9310?
True
Is 3 a factor of 987?
True
Is 14575 a multiple of 55?
True
Is 27 a factor of 1828?
False
Does 49 divide 7595?
True
Does 25 divide 1794?
False
Does 374 divide 47409?
False
Is 19 a factor of 361?
True
Is 407 a multiple of 5?
False
Does 38 divide 1099?
False
Is 543 even?
False
Does 35 divide 280?
True
Does 5 divide 80?
True
Is 11955 a multiple of 5?
True
Is 3 even?
False
Is 9 a factor of 17617?
False
Does 113 divide 9879?
False
Is 33 a factor of 8695?
False
Does 8 divide 86?
False
Is 986 a multiple of 58?
True
Is 4 a factor of 1009?
False
Is 24 a factor of 2016?
True
Is 14 a factor of 68824?
True
Is 26 a factor of 5139?
False
Is 10905 a multiple of 15?
True
Is 5030 a multiple of 7?
False
Is 8 a factor of 1046?
False
Does 81 divide 130?
False
Is 38612 a multiple of 98?
True
Is 35154 a multiple of 189?
True
Is 707 a multiple of 18?
False
Is 90 a multiple of 4?
False
Is 124 a factor of 17608?
True
Does 46 divide 1426?
True
Is 9 a factor of 415?
False
Is 24964 a multiple of 17?
False
Is 593 a multiple of 26?
False
Does 13 divide 1743?
False
Is 60 a factor of 